uppose 0 = y - 16*y + b. Is y composite?
True
Suppose 0 = -8*u + 46 + 2. Let k be (u/7)/((-1)/(-42)*-2). Is (-27)/k*2/3 + 1402 a prime number?
False
Let l = 6 - -2. Is (60/l)/(27/54198) a prime number?
False
Suppose 9 = -3*g + 9*l - 4*l, -5*g - 2*l = -16. Let i(r) = -r**g - 3 - r**3 + 22*r - 10*r - 1 - 5*r**2. Is i(-9) a composite number?
False
Let j(a) = 163*a - 21. Suppose -p + z + 9 = 0, -4*z - 20 = 3*p - 5*p. Is j(p) composite?
False
Let a(p) = 48*p**3 - 5*p**2 + 6*p - 1. Let h be a(3). Let z = h + 355. Is z a composite number?
True
Let x(c) = -4194*c**3 - c**2 - c + 15. Is x(-5) prime?
False
Is 2/(-11) + -100*(-21)/(-308) - -108946 composite?
True
Suppose 11*q - 157*q + 1760614 = 0. Is q a prime number?
False
Let s(k) = 11*k - 17. Let x = -141 + 147. Is s(x) a prime number?
False
Let r(j) = -22215*j + 8195. Is r(-38) composite?
True
Suppose -23 - 4 = -9*g. Suppose 0 = g*s - 256 - 7253. Is s a prime number?
True
Let i = 29566 - -604695. Is i composite?
False
Let d = -2986 - -1700. Let q = d - 561. Let s = -1276 - q. Is s composite?
False
Suppose 5*g - 3*i = 27, 4*g - 1 = -4*i - 5. Suppose -g*n + s + 3342 = -s, 2*n - s - 2229 = 0. Let b = 1747 - n. Is b composite?
False
Let d = -15620 + 25550. Let s = 17539 - d. Is s a composite number?
True
Let v(y) be the second derivative of 0*y**3 - 1/20*y**5 + 3/2*y**2 + 1/3*y**4 + 0 - 15*y. Is v(-4) a composite number?
False
Let n = 44 + 38. Let v = n - 87. Is 3/v + (-4014)/(-15) a composite number?
True
Let l = -79 - -87. Suppose 6*k - 4*k - l = 0. Suppose -3*m - n = -9053, -k*n = 17 - 1. Is m prime?
True
Let o(n) = -2*n**3 - 5*n**2 - 44*n - 29. Let m be o(-17). Is (m/16 + 2)/(3/20) a composite number?
True
Suppose 3*t + 16 = -a + t, 4*t + 62 = -5*a. Let n be (-42)/105 - (-4026)/a. Let m = 776 + n. Is m composite?
False
Let o(c) = c**3 - 13*c**2 + 7. Let t be o(13). Suppose 6*j = 7 - t. Is -158*(1 + (j - 2)) - 1 prime?
True
Let r(w) = 291*w**2 - 12*w + 116. Let f be r(13). Let k = -34942 + f. Is k composite?
False
Let a = -25 - -37. Suppose -3*y = -a - 3. Suppose -4*t + 169 + 262 = -y*u, 0 = -2*t - 2*u + 220. Is t prime?
True
Let l be (0 - -1)/(-1*(-4)/(-244)). Let i = l + 37. Is (354/24)/((-2)/i) a prime number?
False
Suppose 12 = -3*c, d = -c - 5 + 1. Suppose 0*v - v + 5 = d, 0 = -3*h + 5*v - 10. Suppose -h*a + 2915 = -510. Is a a composite number?
True
Let q(a) = -3*a + 1. Let t(k) = -412*k - 127. Let m(b) = -5*q(b) + t(b). Is m(-7) prime?
True
Let y(n) = -4380*n + 347. Is y(-24) composite?
False
Let w = -2953 - -6117. Suppose 0 = 5*t - b - 1982 - w, -4*t + 2*b = -4118. Suppose 3*y = 3*p + 6*y - t, 2*p + 4*y - 690 = 0. Is p a composite number?
True
Let j(s) = 33*s**2 - 20*s + 109. Let r be j(6). Let t = -704 + r. Is t a composite number?
True
Let p(o) = o**2 - 8*o - 3. Let i be p(11). Is (-5)/i - (-37849)/42 a composite number?
True
Let y(v) = -v**2 - 27*v - 89. Let p be y(-23). Suppose -k = -2*j - 4175 - 2692, -5*k = p*j - 34270. Is k composite?
False
Let n(j) be the third derivative of 177*j**4/8 + 64*j**3/3 + 2*j**2 - 6*j. Is n(9) a composite number?
True
Suppose 2*a + 3*a = -3*u + 218, -5*u = -a + 66. Let d = -38 + a. Suppose 3*g - d = 4, -3*f + g + 2225 = 0. Is f a composite number?
False
Suppose 3*y + 423229 + 736196 = 3*j - 190128, -2*y = 0. Is j prime?
True
Is (16/2 - 208/24)/((-4)/114726) prime?
True
Suppose w + x + 7 - 2 = 0, 4*w + 23 = -3*x. Let g be (-7 - w)/(-2 + 659/329). Let l = g + -76. Is l a prime number?
False
Suppose -12*d = -417354 - 452430. Is d a composite number?
True
Let c(l) be the second derivative of -302*l**3/3 + 7*l**2/2 - 925*l. Let a = -5 + 2. Is c(a) a prime number?
False
Suppose -19*w + 4725 = 18538. Let z = -324 - w. Is z a prime number?
False
Suppose o + 62 = n + 3*n, -2*o - n - 79 = 0. Is 523/8 - o/(-112) a prime number?
False
Suppose 3*s = 0, -1441877 = -3*p - 2*s - 266372. Is p a prime number?
False
Suppose 3*j + f - 12814 = 0, 4*j - 3*f + 3939 - 21020 = 0. Let g = j + -2478. Is g a prime number?
False
Suppose 3*h = 0, h = -c + 963 + 1555. Suppose 5*g - d = c, -5*g + 5*d = -3163 + 633. Is g a prime number?
True
Let v be 12986/6 - -1 - (-74)/111. Let p = v - 1373. Let d = -500 + p. Is d a prime number?
True
Let j = 716598 - 422795. Is j a prime number?
True
Let w(a) = -11*a + 156. Let v be w(14). Suppose -8357 = -g + i, v*i + 1638 = -g + 9983. Is g a prime number?
True
Suppose 5*u - 5*m - 20 = 0, 5*u - 2 = 3*u - 4*m. Suppose -4*d + 8*d = r + 3676, 11088 = -u*r - 3*d. Let h = -2293 - r. Is h prime?
True
Suppose 3*o = 2*o + 6. Let q(x) = -3 + 21*x**2 - 5*x + 9 + 10 - 43 + 7. Is q(o) prime?
False
Let s(l) = 3*l**3 + 33*l**2 + 5. Let g be s(-11). Let m be (-445)/30 - (g/(-6) + 1). Let b(r) = 5*r**2 + 13*r - 17. Is b(m) a prime number?
False
Let m = 89 - 86. Suppose 4*o + 6*z = z + 338, -2*z = m*o - 257. Is o a composite number?
True
Suppose -612759 = -3*r + 114*f - 115*f, 5*f = -2*r + 408506. Is r a composite number?
True
Let w(u) = 68*u**2 + 13*u - 122. Let l be -1 + (-35)/(-3) - 30/18. Is w(l) a composite number?
False
Suppose 19042 = 5*f + 6972. Let z = 5247 - f. Is z a composite number?
False
Suppose 333*v - 128879471 - 10173689 + 35143507 = 0. Is v composite?
True
Suppose -44*n + 25556 = -23856. Suppose 3*h - n = -5*c - h, c + 3*h = 229. Is c composite?
False
Let y(s) = 23334*s**2 + 2948*s + 13. Is y(-6) composite?
True
Let n = -11265 - -98954. Is n a composite number?
True
Suppose -o + 0*o = 3*s + 11406, 12 = 4*o. Let y = -958 - s. Is y a composite number?
True
Let b be (-20)/(-110) - (-90)/(-11). Is 1/(-2)*(b - 486) composite?
True
Let a = -13362 + 22153. Let i = 115 + -110. Suppose 14677 = i*c + 5*k - 8*k, -2*k = 3*c - a. Is c prime?
False
Suppose -u + 140 = -6*u. Let c be u/(-42) - (-1 - 20/6). Is c/(340/(-115) + 3) composite?
True
Let x be (-180)/(-420) + (-1)/7*52. Is (2/x)/(10*(-12)/4667460) a prime number?
True
Suppose 47 = 5*p + 7. Let q be (78/12 - 5)*p/6. Suppose -q*b - 605 = -z, -163 = -4*z - b + 2284. Is z a composite number?
True
Let j(m) = 274*m**2 + 91*m - 1. Is j(12) a prime number?
False
Suppose -79*u = -220*u + 27733149. Is u composite?
True
Suppose 0 = 2*s - 3*i - 21, -4*s - 3*i + 0*i - 3 = 0. Suppose s*a - a = 7318. Is a prime?
True
Let c(k) = -k**2 + 10*k - 25. Let l be c(5). Suppose 0*h + 32449 = 5*h - 3*j, h - j - 6489 = l. Is h a composite number?
False
Suppose -5*k + 36*b + 277150 = 41*b, 3*k - 166272 = 3*b. Is k prime?
False
Suppose -21*o + 31*o - 4040 = 0. Let s(r) = 260*r + 5. Let n be s(4). Suppose i - n = -o. Is i composite?
False
Let w = 560 + -538. Suppose w*l + 3*u = 18*l + 7739, -5799 = -3*l - 4*u. Is l composite?
True
Suppose 98*q - 78*q = 81460. Is q prime?
True
Let d(l) = 8*l - 17. Let j be d(4). Let h be (4/(-6))/(j/(-315)). Suppose 0 = 5*q - 281 - h. Is q a prime number?
True
Let y(z) = -10*z**3 - 10*z**2 - 67*z + 110. Is y(-12) prime?
False
Let j(n) = -n**2 - 9*n - 11. Let o be j(-7). Suppose 3*c = w + 4 - 2, -o*w - 3*c - 18 = 0. Is (w + 3)/((-5)/2785) a prime number?
False
Is 45*(-1330)/(-15) + 12 + -13 composite?
False
Suppose 2*g + 15 = -5*u, -7*u + 9*u = -2*g - 6. Is -1 - (u*1 - 12*52) prime?
False
Let w = 663 + 1347. Let t = -1049 - -853. Let j = w + t. Is j a prime number?
False
Suppose 0 = 5*c - x + 13, -3*c - 4*x = 28 - 11. Let s(w) = 25*w**2 - w - 5. Let h(r) = -26*r**2 + r + 4. Let a(f) = 2*h(f) + 3*s(f). Is a(c) prime?
False
Let x be 60/18 + (-1 - 10/(-6)). Suppose -x*f + 2628 = -1216. Is f a prime number?
False
Let t = 1335 + 557. Let v be ((-4)/5)/4 + t/10. Suppose -3*r = -0*u + 3*u - v, -3*r + 191 = 2*u. Is r composite?
True
Suppose -h = 3*h - 16. Suppose -q + 3*y + 72 = -2*y, -h*q = -5*y - 273. Let o = -32 + q. Is o a composite number?
True
Is ((-1089105)/45 - 2)*-3 a composite number?
False
Let m be 8/20 - (-58)/5. Let l be (-33)/m + 2 + 1839/4. Suppose -4*s + l = 163. Is s a prime number?
False
Suppose -y + 241963 = 2*w, 50*y = 51*y + 5*w - 241957. Is y prime?
False
Let n(o) = -6720*o + 1123. Is n(-6) a prime number?
True
Let y = 2434 + -887. Suppose y = -5*c + 6757. Is c a composite number?
True
Suppose 73982 = 11*g + 5584. Is g a composite number?
True
Suppose 466659 = 3*g + f + 40470, -4*f = 2*g - 284126. Is g a prime number?
False
Suppose 9677 = j - 2*a, -29*j + 27*j - 4*a = -19322. Let h = j 